176)/51)/(a/6). Calculate the greatest common factor of y and 16.
16
Suppose 0 = 12*d - 706 - 2414. Suppose 66 = v - 3*o + 8, 0 = 4*v - 5*o - d. Calculate the greatest common divisor of v and 10.
10
Let h be (792/(-6))/6*(-45)/(-2). Let p = h - -743. Calculate the highest common divisor of 31 and p.
31
Suppose -187 - 770 = -29*y. What is the greatest common factor of y and 143?
11
Let j = -8 - -6. Let v(k) be the second derivative of k**4/6 - k**3/6 + k**2/2 - 9*k. Let h be v(j). What is the greatest common divisor of h and 55?
11
Suppose 0 = -l + 2*w + 22, -2*l - 4*w + 52 = -0*l. What is the highest common factor of 128 and l?
8
Let r = 100 - 53. Let o = r - 32. Calculate the greatest common factor of 15 and o.
15
Suppose -2*v + 166 = 2*t, -3*t + 3*v = -2*t - 59. Let s = 13 - 6. Calculate the highest common divisor of t and s.
7
Let a be (-2)/(-5) - 1040/(-25). Let m = 51 - 23. Calculate the highest common divisor of a and m.
14
Let a = 15 - 11. Suppose -a*z + 3*z + 24 = 0. What is the highest common divisor of 16 and z?
8
Suppose 2*x = -3*i + 1, -2*x + 0*i = -3*i + 17. Let d(c) = c**2 - 5*c - 14. Let f be d(x). Calculate the highest common divisor of f and 22.
22
Suppose -2*k + 16 = -0*k. Let u(z) = z**2 - 8*z - 3. Let r be u(k). Let d be 90/8 + r/12. What is the greatest common factor of d and 1?
1
Let c(z) = z. Let j(i) = -2. Let s(n) = 2*c(n) + j(n). Suppose -o - 3*d + 1 = -5, -5*d = -5. Let a be s(o). Calculate the highest common divisor of a and 16.
4
Let y = -10 - -34. Let t(n) = -4 + 15*n + 7*n - 2*n. Let k be t(5). Calculate the highest common factor of k and y.
24
Suppose 7 - 1 = -q. Let f be ((-10)/(-6))/((-1)/q). Let n = 59 - 39. What is the greatest common divisor of n and f?
10
Let j(n) = n**2 + 67*n + 766. Let u be j(-13). Suppose 4*t + 0*t + 52 = 5*z, 5*z + 3*t - 31 = 0. Calculate the highest common divisor of u and z.
8
Suppose -22*m + 17*m = 5. Let z be (-3 - 2 - -3) + m. Let c be 6 - 4/((-4)/z). Calculate the greatest common divisor of 33 and c.
3
Let f = -72 + 69. Let n be f + (466/6)/(3/9). Calculate the highest common divisor of 23 and n.
23
Suppose 5693 - 1415 = 31*p. What is the highest common factor of 1449 and p?
69
Let u = 118 - 80. Let w be 4/(8/u)*1. What is the greatest common factor of 171 and w?
19
Let v be ((-11)/4)/(2/(-8)). Suppose -2*z + 5*h - h = -78, -40 = -z + 3*h. Suppose z + 73 = 5*t. Calculate the greatest common divisor of t and v.
11
Let t be (-1 + 2)*(-1 + 0). Let w be (1/(-3))/(t/6). Let v be -33*(8/12 - w). Calculate the highest common divisor of 4 and v.
4
Suppose -7*w - 15 = -3*d - 2*w, -6 = -2*w. Let k = d - 3. Calculate the greatest common divisor of k and 21.
7
Let t(s) = s - 5. Let x be t(-9). Let g = 10 - x. Calculate the highest common factor of g and 216.
24
Suppose -4*p - 2*a = -0*a - 2994, 5*a - 2249 = -3*p. Let q = p - 321. What is the highest common factor of q and 61?
61
Let t be 240/32*(-6)/5. Let w be 6/4 + t/4*-74. Calculate the greatest common divisor of 24 and w.
24
Let z(k) = -48*k**3 + 3*k. Let u be z(-2). Calculate the highest common factor of 108 and u.
54
Let b(r) = -2*r**2 - 64*r - 61. Let n be b(-31). What is the greatest common factor of n and 13?
1
Suppose 35 + 23 = -3*a + 5*g, 3*a + 2*g + 23 = 0. Let f = a + 24. Calculate the highest common divisor of 65 and f.
13
Let v = 89 - 97. Let x be (-1)/(2 + 0)*v. Calculate the greatest common divisor of 4 and x.
4
Let f = 324 + -139. What is the highest common divisor of f and 148?
37
Let m = -57 + 69. Suppose -m*y + 16 = -8*y. Let i(h) = -h**2 + 12*h - 4. Let j be i(10). What is the greatest common factor of j and y?
4
Let d be ((-10)/7)/(11 + 4017/(-364)). Calculate the greatest common divisor of d and 184.
8
Suppose -3*r - 3537 = -0*t - 2*t, 3*t + 3*r = 5313. Let j = -1207 + t. Suppose 7*i = j + 417. Calculate the greatest common factor of i and 35.
35
Suppose 4*h + 180 = 5*d, h - 57 = -2*d + 28. Suppose 6 = a - 3*u - 13, 75 = 5*a + 5*u. Calculate the greatest common divisor of d and a.
8
Let b = -99 + 140. Let u = 76 - b. Calculate the greatest common factor of 35 and u.
35
Let b be (-24442)/(-303) - (1 + 8/(-6)). What is the greatest common divisor of 3 and b?
3
Let p(w) = 1 + 7 - 6 - w**2 + 18*w. Let i be p(8). Calculate the greatest common factor of 41 and i.
41
Let r(n) = 24*n + 204. Let m be r(-5). Calculate the highest common factor of 189 and m.
21
Let s = 18 + -11. Let a(b) = b**2 + 5*b - 10. Let f be a(-7). Let g be (4/(-8))/((-2)/f). What is the highest common factor of s and g?
1
Suppose 4*i + 3*a = -0*i + 18, -3*a - 12 = -i. Let w be ((-185)/(-10))/(2 - i/4). What is the highest common factor of w and 37?
37
Let b be -3*(3 - 5) + -3. Suppose b - 15 = -w. Calculate the highest common divisor of 3 and w.
3
Suppose -5*g + 140 = 2*b, 5*g = -4*b + 6*b + 160. What is the greatest common factor of 294 and g?
6
Suppose 5*g + 2 = -10*p + 7*p, 2*g = -4*p - 12. Suppose 21 = g*w + w. Suppose -s - 4*s + 35 = 0. What is the highest common divisor of s and w?
7
Let t(s) = 3*s**2 + 5*s - 25. Let d be t(-10). What is the greatest common divisor of d and 9?
9
Let h be (((-33210)/40)/(-27))/((-9)/(-96)). Calculate the greatest common factor of h and 123.
41
Let k = 668 + -468. Calculate the greatest common factor of 80 and k.
40
Let g(a) = a**2 - 14*a + 3. Let p be g(14). Suppose 5*j + 2*r = -p*r + 60, -4*r + 6 = -2*j. Calculate the highest common divisor of j and 56.
7
Let z = 71 + -57. Suppose c - 4*c = 45. Let a = c + 22. What is the highest common divisor of a and z?
7
Suppose -5*c = 2*q - 49, 5*q = c - 0*c + 136. Let o = 41 + -19. Suppose -q*b + 650 = -o*b. What is the highest common factor of b and 52?
26
Let h(s) = 3*s - 37. Let q(v) = v - 12. Let i(n) = -2*h(n) + 7*q(n). Let l be i(12). Suppose -l*o - 75 = -7*o. Calculate the highest common divisor of 15 and o.
15
Let d(u) = -u + 92. Let o be d(-20). What is the highest common divisor of 14 and o?
14
Suppose 5*w - 63 - 372 = 0. Let b(q) = q**3 - 6*q**2 + 6*q. Let k be b(5). Let x be (5/(k/(-58)))/(-2). Calculate the greatest common divisor of w and x.
29
Let q(u) = -u**3 + 15*u**2 - 13*u + 11. Let g be q(6). Let d = -167 + g. Let h = 7 + 3. Calculate the greatest common factor of d and h.
10
Let j = 948 - -376. What is the greatest common divisor of j and 4?
4
Let z = -10 + 162. Let t(r) be the second derivative of -7*r**3/6 - r**2 - 4*r. Let v be t(-3). Calculate the greatest common factor of z and v.
19
Let k = -123 + 155. Let i be (-2 + 2)/1 - -3. Suppose 4*w = i*t + 41, -w + 5*w - 38 = 2*t. What is the highest common factor of k and w?
8
Let b = -13 + 5. Let y = b - -19. Suppose 7*a - 110 = 2*a. What is the greatest common divisor of a and y?
11
Let k(h) = 3*h**2 + 2*h - 3. Let a be k(1). Suppose 5*u + 15 = 0, -118 = -a*z - 3*z + u. Calculate the greatest common factor of z and 207.
23
Let b be (12 - 0)/(6/8). Let y = 76 + -83. Let n = 71 + y. Calculate the greatest common divisor of b and n.
16
Let d(j) = -10*j - 269. Let f be d(-39). What is the highest common divisor of 11 and f?
11
Suppose 5*h - 460 = -j - 125, 0 = -2*h + j + 141. What is the greatest common divisor of h and 1598?
34
Let x(w) = -2*w + 26 + 14 + 7 - 11. Let d be x(-9). What is the highest common factor of d and 135?
27
Suppose -12*z = -9*z. Let d be 13 + z + -5 - -1. Let i(q) = 2*q**2 + 4*q - 7. Let n be i(5). What is the highest common factor of n and d?
9
Suppose -17 - 8 = -5*t. Let u be 1/1 - (4 - t). Suppose -3*h - 62 = -u*m - 5*h, 0 = 2*m - 5*h - 69. Calculate the highest common factor of 8 and m.
8
Suppose 0 = -y - 2*h + 5*h + 49, 5*y + 3*h - 335 = 0. Let n(z) = 2*z**2 - 760*z - 2290. Let b be n(-3). Calculate the greatest common divisor of b and y.
8
Suppose 2*t = 7*l - 4*l + 143, 3 = -3*l. What is the highest common divisor of t and 30?
10
Let d be (-46)/(7/(147/(-14))). Suppose 0 = -l + 2*b + 54, 3*b - 118 = -3*l - 2*b. Calculate the highest common divisor of d and l.
23
Let z = -824 - -1007. What is the highest common divisor of z and 3?
3
Let r be 984/14 - 2/7. Let g be 2/(-6)*1*(-30)/1. Calculate the highest common divisor of r and g.
10
Let s(g) = -3*g - 4. Let j(a) = 5*a**3 - 3*a - 2. Let t be j(-1). Let y be s(t). What is the highest common divisor of y and 72?
8
Let f = 21 + -